[INFO] cloning repository https://github.com/c-okelly/advent_of_code_2017
[INFO] running `Command { std: "git" "-c" "credential.helper=" "-c" "credential.helper=/workspace/cargo-home/bin/git-credential-null" "clone" "--bare" "https://github.com/c-okelly/advent_of_code_2017" "/workspace/cache/git-repos/https%3A%2F%2Fgithub.com%2Fc-okelly%2Fadvent_of_code_2017", kill_on_drop: false }`
[INFO] [stderr] Cloning into bare repository '/workspace/cache/git-repos/https%3A%2F%2Fgithub.com%2Fc-okelly%2Fadvent_of_code_2017'...
[INFO] running `Command { std: "git" "rev-parse" "HEAD", kill_on_drop: false }`
[INFO] [stdout] 3985f790daf8c6b296fd29a508c27b3ae5b7fb7c
[INFO] checking c-okelly/advent_of_code_2017 against try#72f88fc4e9458f89516a0b8b0868f3718aec5b47 for pr-74989
[INFO] running `Command { std: "git" "clone" "/workspace/cache/git-repos/https%3A%2F%2Fgithub.com%2Fc-okelly%2Fadvent_of_code_2017" "/workspace/builds/worker-7/source", kill_on_drop: false }`
[INFO] [stderr] Cloning into '/workspace/builds/worker-7/source'...
[INFO] [stderr] done.
[INFO] validating manifest of git repo https://github.com/c-okelly/advent_of_code_2017 on toolchain 72f88fc4e9458f89516a0b8b0868f3718aec5b47
[INFO] running `Command { std: "/workspace/cargo-home/bin/cargo" "+72f88fc4e9458f89516a0b8b0868f3718aec5b47" "read-manifest" "--manifest-path" "Cargo.toml", kill_on_drop: false }`
[INFO] started tweaking git repo https://github.com/c-okelly/advent_of_code_2017
[INFO] finished tweaking git repo https://github.com/c-okelly/advent_of_code_2017
[INFO] tweaked toml for git repo https://github.com/c-okelly/advent_of_code_2017 written to /workspace/builds/worker-7/source/Cargo.toml
[INFO] crate git repo https://github.com/c-okelly/advent_of_code_2017 already has a lockfile, it will not be regenerated
[INFO] running `Command { std: "/workspace/cargo-home/bin/cargo" "+72f88fc4e9458f89516a0b8b0868f3718aec5b47" "fetch" "--locked" "--manifest-path" "Cargo.toml", kill_on_drop: false }`
[INFO] running `Command { std: "docker" "create" "-v" "/var/lib/crater-agent-workspace/builds/worker-7/target:/opt/rustwide/target:rw,Z" "-v" "/var/lib/crater-agent-workspace/builds/worker-7/source:/opt/rustwide/workdir:ro,Z" "-v" "/var/lib/crater-agent-workspace/cargo-home:/opt/rustwide/cargo-home:ro,Z" "-v" "/var/lib/crater-agent-workspace/rustup-home:/opt/rustwide/rustup-home:ro,Z" "-e" "SOURCE_DIR=/opt/rustwide/workdir" "-e" "CARGO_TARGET_DIR=/opt/rustwide/target" "-e" "CARGO_HOME=/opt/rustwide/cargo-home" "-e" "RUSTUP_HOME=/opt/rustwide/rustup-home" "-w" "/opt/rustwide/workdir" "-m" "1610612736" "--user" "0:0" "--network" "none" "rustops/crates-build-env@sha256:d92eaeed33fa75130ca1ee6c8a01d1ffb62bac859dfdfb3450e3e5d1c0146529" "/opt/rustwide/cargo-home/bin/cargo" "+72f88fc4e9458f89516a0b8b0868f3718aec5b47" "metadata" "--no-deps" "--format-version=1", kill_on_drop: false }`
[INFO] [stderr] WARNING: Your kernel does not support swap limit capabilities or the cgroup is not mounted. Memory limited without swap.
[INFO] [stdout] bee93a34378003eb3439ba54d7c20f033831bfa7ed720e64fa9c510c4eb39a05
[INFO] running `Command { std: "docker" "start" "-a" "bee93a34378003eb3439ba54d7c20f033831bfa7ed720e64fa9c510c4eb39a05", kill_on_drop: false }`
[INFO] running `Command { std: "docker" "inspect" "bee93a34378003eb3439ba54d7c20f033831bfa7ed720e64fa9c510c4eb39a05", kill_on_drop: false }`
[INFO] running `Command { std: "docker" "rm" "-f" "bee93a34378003eb3439ba54d7c20f033831bfa7ed720e64fa9c510c4eb39a05", kill_on_drop: false }`
[INFO] [stdout] bee93a34378003eb3439ba54d7c20f033831bfa7ed720e64fa9c510c4eb39a05
[INFO] running `Command { std: "docker" "create" "-v" "/var/lib/crater-agent-workspace/builds/worker-7/target:/opt/rustwide/target:rw,Z" "-v" "/var/lib/crater-agent-workspace/builds/worker-7/source:/opt/rustwide/workdir:ro,Z" "-v" "/var/lib/crater-agent-workspace/cargo-home:/opt/rustwide/cargo-home:ro,Z" "-v" "/var/lib/crater-agent-workspace/rustup-home:/opt/rustwide/rustup-home:ro,Z" "-e" "SOURCE_DIR=/opt/rustwide/workdir" "-e" "CARGO_TARGET_DIR=/opt/rustwide/target" "-e" "CARGO_INCREMENTAL=0" "-e" "RUST_BACKTRACE=full" "-e" "RUSTFLAGS=--cap-lints=forbid" "-e" "CARGO_HOME=/opt/rustwide/cargo-home" "-e" "RUSTUP_HOME=/opt/rustwide/rustup-home" "-w" "/opt/rustwide/workdir" "-m" "1610612736" "--user" "0:0" "--network" "none" "rustops/crates-build-env@sha256:d92eaeed33fa75130ca1ee6c8a01d1ffb62bac859dfdfb3450e3e5d1c0146529" "/opt/rustwide/cargo-home/bin/cargo" "+72f88fc4e9458f89516a0b8b0868f3718aec5b47" "check" "--frozen" "--all" "--all-targets" "--message-format=json", kill_on_drop: false }`
[INFO] [stderr] WARNING: Your kernel does not support swap limit capabilities or the cgroup is not mounted. Memory limited without swap.
[INFO] [stdout] cf8149a7df5256ebc357de7cc2b947ae8c6713b5c66e14569101a9c2a7919fd0
[INFO] running `Command { std: "docker" "start" "-a" "cf8149a7df5256ebc357de7cc2b947ae8c6713b5c66e14569101a9c2a7919fd0", kill_on_drop: false }`
[INFO] [stderr]     Checking advent_of_code_2017 v0.1.0 (/opt/rustwide/workdir)
[INFO] [stdout] error[E0425]: cannot find value `split` in this scope
[INFO] [stdout]   --> src/day01.rs:13:23
[INFO] [stdout]    |
[INFO] [stdout] 13 |     let splitString = split.collect::<Vec<&buffer>>();
[INFO] [stdout]    |                       ^^^^^ not found in this scope
[INFO] [stdout] 
[INFO] [stdout] 
[INFO] [stdout] error[E0573]: expected type, found local variable `buffer`
[INFO] [stdout]   --> src/day01.rs:13:44
[INFO] [stdout]    |
[INFO] [stdout] 13 |     let splitString = split.collect::<Vec<&buffer>>();
[INFO] [stdout]    |                                            ^^^^^^ not a type
[INFO] [stdout] 
[INFO] [stdout] 
[INFO] [stdout] warning: unused import: `std::str::Split`
[INFO] [stdout]  --> src/day01.rs:5:9
[INFO] [stdout]   |
[INFO] [stdout] 5 |     use std::str::Split;
[INFO] [stdout]   |         ^^^^^^^^^^^^^^^
[INFO] [stdout]   |
[INFO] [stdout]   = note: `#[warn(unused_imports)]` on by default
[INFO] [stdout] 
[INFO] [stdout] 
[INFO] [stdout] error: aborting due to 2 previous errors; 1 warning emitted
[INFO] [stdout] 
[INFO] [stdout] 
[INFO] [stdout] Some errors have detailed explanations: E0425, E0573.
[INFO] [stdout] 
[INFO] [stdout] For more information about an error, try `rustc --explain E0425`.
[INFO] [stdout] 
[INFO] [stdout] error[E0425]: cannot find value `split` in this scope
[INFO] [stdout]   --> src/day01.rs:13:23
[INFO] [stdout]    |
[INFO] [stdout] 13 |     let splitString = split.collect::<Vec<&buffer>>();
[INFO] [stdout]    |                       ^^^^^ not found in this scope
[INFO] [stdout] 
[INFO] [stdout] 
[INFO] [stderr] error: could not compile `advent_of_code_2017`.
[INFO] [stderr] 
[INFO] [stderr] To learn more, run the command again with --verbose.
[INFO] [stderr] warning: build failed, waiting for other jobs to finish...
[INFO] [stdout] error[E0573]: expected type, found local variable `buffer`
[INFO] [stdout]   --> src/day01.rs:13:44
[INFO] [stdout]    |
[INFO] [stdout] 13 |     let splitString = split.collect::<Vec<&buffer>>();
[INFO] [stdout]    |                                            ^^^^^^ not a type
[INFO] [stdout] 
[INFO] [stdout] 
[INFO] [stdout] warning: unused import: `std::str::Split`
[INFO] [stdout]  --> src/day01.rs:5:9
[INFO] [stdout]   |
[INFO] [stdout] 5 |     use std::str::Split;
[INFO] [stdout]   |         ^^^^^^^^^^^^^^^
[INFO] [stdout]   |
[INFO] [stdout]   = note: `#[warn(unused_imports)]` on by default
[INFO] [stdout] 
[INFO] [stdout] 
[INFO] [stdout] error: aborting due to 2 previous errors; 1 warning emitted
[INFO] [stdout] 
[INFO] [stdout] 
[INFO] [stdout] Some errors have detailed explanations: E0425, E0573.
[INFO] [stdout] 
[INFO] [stdout] For more information about an error, try `rustc --explain E0425`.
[INFO] [stdout] 
[INFO] [stderr] error: build failed
[INFO] running `Command { std: "docker" "inspect" "cf8149a7df5256ebc357de7cc2b947ae8c6713b5c66e14569101a9c2a7919fd0", kill_on_drop: false }`
[INFO] running `Command { std: "docker" "rm" "-f" "cf8149a7df5256ebc357de7cc2b947ae8c6713b5c66e14569101a9c2a7919fd0", kill_on_drop: false }`
[INFO] [stdout] cf8149a7df5256ebc357de7cc2b947ae8c6713b5c66e14569101a9c2a7919fd0
